*2 - 915*l - 153. Give q(-10).
-3
Let v(r) = -2479*r - 364551. Give v(-147).
-138
Let f(z) = 28*z**2 - 4128*z - 2380. Determine f(148).
-12
Let r(c) = -23*c**2 + 51*c - 9. Calculate r(2).
1
Let i(p) = 85*p + 3931. Calculate i(-42).
361
Let k(n) = 27*n**2 + 543*n + 68. What is k(-20)?
8
Let h(a) = a**3 + 60*a**2 - 89*a - 8718. Give h(-59).
14
Let a(z) = -56*z**2 - 4729*z + 9492. What is a(2)?
-190
Let w(u) = 81*u - 16687. Give w(208).
161
Let s(b) = 87*b + 2507. Give s(-22).
593
Let w(b) = -278*b**2 + 4067*b + 62. Give w(15).
-1483
Let k(x) = -x**3 + 2*x**2 - 294*x + 2578. Calculate k(7).
275
Let k(s) = 36054*s + 181637. Determine k(-5).
1367
Let t(g) = -10949*g + 2660599. Give t(243).
-8
Let r(w) = -9*w**2 - 4792*w - 23979. Calculate r(-5).
-244
Let l(v) = -11*v**2 + 275*v + 21017. Calculate l(-33).
-37
Let w(t) = 2*t**3 + 2*t**2 - 19*t - 197. Calculate w(-7).
-652
Let r(l) = 3*l**2 - 692*l - 39162. Calculate r(-47).
-11
Let d(v) = 5*v**3 + 23*v**2 + 467*v + 3564. What is d(-7)?
-293
Let u(t) = -42887*t - 729368. Give u(-17).
-289
Let l(q) = -2*q**2 + 4555*q - 31799. Give l(7).
-12
Let q(h) = -2*h**2 + 80*h - 583. Determine q(10).
17
Let t(y) = y**2 - 220*y - 13817. Calculate t(267).
-1268
Let p(d) = 64760*d + 194288. Determine p(-3).
8
Let k(c) = -5*c**2 - 16083*c - 1437314. Calculate k(-92).
2
Let z(g) = -g**3 - 13*g**2 + 328*g + 101. Calculate z(14).
-599
Let a(v) = -53*v - 1660. What is a(-6)?
-1342
Let k(g) = -25*g**2 - 5807*g + 11693. What is k(2)?
-21
Let k(t) = 128*t**2 - 2846*t + 627. Give k(22).
-33
Let o(i) = 28*i**3 + 11531*i**2 + 11521*i - 8. What is o(-1)?
-26
Let o(l) = -l**3 - 66*l**2 + 30*l + 5696. Calculate o(-65).
-479
Let u(h) = -98*h**2 + 175*h - 152. Calculate u(4).
-1020
Let z(r) = 44*r**2 + 7788*r + 7738. Give z(-176).
-6
Let h(r) = -r**3 - 342*r**2 - 14352*r + 246. Give h(-49).
1
Let m(j) = -j**2 + 245*j - 364. Determine m(0).
-364
Let b(q) = -28*q**2 + 1254*q + 10144. Calculate b(-7).
-6
Let c(h) = -3*h**2 - 1033*h + 54807. Calculate c(-391).
67
Let d(j) = j**3 - 161*j**2 + 1232*j - 45. What is d(8)?
19
Let m(q) = q**3 - 620*q**2 + 53218*q + 3377. What is m(103)?
-22
Let m(q) = -359*q**3 + 3*q**2 - 2*q - 1. Determine m(1).
-359
Let z(l) = -l**2 + 45*l - 1477. Determine z(42).
-1351
Let z(s) = 1069*s + 3179. Calculate z(-3).
-28
Let f(g) = 911*g**2 + 12729*g - 338. Determine f(-14).
12
Let h(q) = -2*q + 144. Calculate h(68).
8
Let q(m) = -5346*m + 636181. What is q(119)?
7
Let b(v) = 31*v - 962. Determine b(36).
154
Let k(z) = 14*z**2 + 3164*z - 22161. What is k(7)?
673
Let a(w) = -14885*w - 253059. What is a(-17)?
-14
Let q(d) = 12568*d - 1709234. Calculate q(136).
14
Let s(b) = -b**3 - 81*b**2 - 300*b + 1754. What is s(-77)?
1138
Let n(u) = -14495*u - 72450. Calculate n(-5).
25
Let t(k) = 17235*k - 723889. Calculate t(42).
-19
Let f(c) = -2*c**2 + 103*c - 288. Determine f(3).
3
Let v(a) = a**3 + 79*a**2 - 455*a - 1200. What is v(-84)?
1740
Let v(m) = m**3 - 198*m**2 - 50*m + 86628. Give v(196).
-4
Let p(n) = 388*n**2 - 1186*n + 59. Calculate p(3).
-7
Let g(z) = -13*z**2 - 132*z - 506. What is g(-4)?
-186
Let d(u) = 804*u + 5345. Calculate d(-6).
521
Let n(w) = -459*w + 793. Give n(6).
-1961
Let n(x) = -8*x**3 + 775*x**2 + 122*x - 2433. Determine n(97).
-8
Let b(i) = 13186*i + 118861. Determine b(-9).
187
Let a(b) = -237089*b + 2370890. Calculate a(10).
0
Let c(t) = 185*t**2 + 1860*t + 125. Give c(-10).
25
Let f(h) = -2376*h - 1456. Calculate f(-1).
920
Let p(z) = -z**3 + 76*z**2 - 67*z + 414. Determine p(75).
1014
Let n(d) = -74944*d + 299790. What is n(4)?
14
Let r(x) = 2*x**3 + 906*x**2 - 3624*x + 14629. Give r(-457).
5
Let t(v) = -2231*v - 365854. Determine t(-164).
30
Let c(k) = -601469*k + 15036722. What is c(25)?
-3
Let v(s) = -s**3 - 103*s**2 + 32879*s - 220. Determine v(-240).
20
Let t(b) = 31*b**2 + 1636*b + 21573. Determine t(-26).
-7
Let q(v) = -269619*v + 2156955. Calculate q(8).
3
Let x(d) = 6311*d + 1691314. Determine x(-268).
-34
Let o(k) = 641*k**3 + 1272*k**2 + 8*k + 11. Determine o(-2).
-45
Let s(k) = 35*k**2 - 230*k - 148. Give s(13).
2777
Let c(d) = -4*d**2 + 3*d + 621. What is c(8)?
389
Let w(a) = -21*a**2 + 24*a + 142. Determine w(-3).
-119
Let b(j) = 30*j**2 + 240*j - 1914. Give b(8).
1926
Let y(w) = 3*w**2 + 124*w - 4934. Calculate y(25).
41
Let w(h) = -17919*h + 35083. Determine w(2).
-755
Let a(k) = 113*k**2 + 4516*k - 192. Calculate a(-40).
-32
Let q(g) = -g**2 - 25*g + 1487. What is q(-64)?
-1009
Let k(g) = 625*g + 94953. What is k(-152)?
-47
Let j(k) = 2*k**3 + 1400*k**2 - 1592*k - 133153. Determine j(-701).
37
Let r(x) = 5016*x**2 + 20075*x - 6. Determine r(-4).
-50
Let u(r) = -11*r**3 - 1921*r**2 - 1218*r + 33. Give u(-174).
33
Let v(p) = p**3 + 361*p**2 - 36*p + 6. Give v(0).
6
Let g(p) = -25076*p + 4739340. What is g(189)?
-24
Let p(z) = z**2 - 67*z - 1473. Calculate p(-17).
-45
Let r(z) = 5*z**2 - 103*z + 669. Calculate r(6).
231
Let b(f) = 6*f**3 + 11*f**2 + 48*f - 32. What is b(-5)?
-747
Let a(h) = 1512*h - 42297. What is a(28)?
39
Let x(h) = 119*h**2 - 271*h + 521. What is x(2)?
455
Let m(r) = r**3 - 47*r**2 - 31*r + 1932. Determine m(46).
-1610
Let d(a) = a**2 + 276*a + 9531. What is d(-43)?
-488
Let a(t) = 75*t**2 - 15597*t - 610. Calculate a(208).
14
Let a(p) = -4871*p + 53788. Calculate a(11).
207
Let i(g) = -16*g**3 - 203*g**2 + 48*g + 23. Give i(-13).
244
Let t(w) = -63*w**2 + 255*w + 710. Give t(10).
-3040
Let w(q) = -7646*q - 1078001. Determine w(-141).
85
Let w(m) = 50*m**2 - 8333*m - 2791. What is w(167)?
48
Let t(q) = 3*q**2 - 1416*q - 165577. Calculate t(569).
2
Let z(j) = 162*j**2 + 655*j + 28. What is z(-4)?
0
Let o(r) = r**3 + 23*r**2 - 297*r - 7148. Calculate o(-20).
-8
Let s(t) = t**2 - 9490*t + 85327. Give s(9).
-2
Let m(u) = -u**3 + 43*u**2 - 436*u + 35. What is m(19)?
415
Let n(f) = -5571*f + 22283. Determine n(4).
-1
Let l(h) = 294*h + 1790. Determine l(-4).
614
Let g(w) = w**3 + 98*w**2 - 3721*w - 4825. Determine g(-127).
1
Let d(x) = -3*x**3 + 27*x**2 - 106*x + 1117. Give d(9).
163
Let q(r) = -6*r**3 + 1792*r**2 - 1207*r + 4489. What is q(298)?
19
Let n(l) = 4234*l + 55044. Determine n(-13).
2
Let f(x) = -x**2 + 52036*x - 312173. Give f(6).
7
Let t(m) = -m**2 - 251*m + 15705. Calculate t(52).
-51
Let n(m) = m**2 - 478088*m + 6693008. Determine n(14).
-28
Let q(a) = -6*a**2 + 104*a - 673. Calculate q(8).
-225
Let x(w) = -72*w**2 + 5360*w - 16117. Give x(3).
-685
Let y(c) = -20*c**3 + 4*c**2 - 171105*c + 171104. What is y(1)?
-17
Let z(y) = 85*y - 3945. Give z(37).
-800
Let u(s) = 798922*s + 1597785. Give u(-2).
-59
Let g(n) = -36*n**3 - 28301*n**2 - 3922*n + 6295. Calculate g(-786).
7
Let v(k) = 1392*k**2 + 64034*k + 97. What is v(-46)?
5
Let k(t) = -312547*t + 2500454. What is k(8)?
78
Let p(x) = 10519*x - 189342. Calculate p(18).
0
Let j(s) = 7019*s - 13902. What is j(2)?
136
Let y(m) = m**3 + 123*m**2 - 325*m - 9698. Give y(-125).
-323
Let p(w) = -w**3 - 30*w**2 - 265*w - 2426. What is p(-23)?
-34
Let k(g) = 3153*g - 33755. Calculate k(11).
928
Let i(u) = -u**3 - 81*u**2 + 1460*u - 283. What is i(15)?
17
Let a(x) = -6*x**2 - 7427*x + 37281. Determine a(5).
-4
Let l(v) = v**3 - 48*v**2 + 536*v - 689. Give l(32).
79
Let m(s) = 2111*s - 1099827. Give m(521).
4
Let f(d) = -319*d - 37858. Give f(-123).
1379
Let s(n) = 126*n - 8887. What is s(70)?
-67
Let w(f) = -152*f**3 - 8062*f**2 - 316*f + 111. What is w(-53)?
5
Let p(g) = -g**2 - 1375*g - 320887. Calculate p(-299).
837
Let v(r) = -54474*r + 871585. What is v(16)?
1
Let b(t) = -8702*t - 313280. What is b(-36)?
-8
Let w(g) = 19*g**2 + 968*g - 37. Give w(-51).
14
Let c(f) = -4*f**3 + 128*f**2 + 1072*f - 34298. What is c(32)?
6
Let p(q) = -30*q**2 + 4557*q - 5. What is p(152)?
-461
Let f(l) = -16589*l + 2222920. Determine f(134).
-6
Let a(w) = w**3 + 33*w**2 + 121*w + 19. Determine a(-5).
114
Let a(p) = -15*p + 307. Give a(-16).
547
Let x(t) = -t**3 - 7*t**2 + 327*t - 1217. What is x(12)?
-29
Let y(q) = 8*q**2 - 64*q - 10128. Calculate y(-32).
112
Let u(g) = 4*g**3 + 7*g**2 - 454*g - 1770. Calculate u(-4).
-98
Let j(w) = 1301*w - 111436. Calculate j(86).
450
Let o(r) = -r**3 + 104*r**2 + 94*r + 311. What is o(105)?
-844
Let k(w) = 5341*w + 90944. Give k(-17).
147
Let k(h) = 90*h**2 - 1885*h - 3. Determine 